 the units digit of 2329?
9
What is the tens digit of 460?
6
What is the hundreds digit of 599?
5
What is the tens digit of 892?
9
What is the tens digit of 3836?
3
What is the ten thousands digit of 40621?
4
What is the units digit of 33757?
7
What is the hundreds digit of 91908?
9
What is the units digit of 88852?
2
What is the units digit of 17990?
0
What is the units digit of 2190?
0
What is the thousands digit of 24880?
4
What is the thousands digit of 70970?
0
What is the hundreds digit of 17433?
4
What is the thousands digit of 3577?
3
What is the tens digit of 19086?
8
What is the hundreds digit of 2009?
0
What is the units digit of 136652?
2
What is the thousands digit of 7830?
7
What is the hundreds digit of 686?
6
What is the hundreds digit of 9171?
1
What is the hundreds digit of 1870?
8
What is the tens digit of 38745?
4
What is the thousands digit of 27155?
7
What is the hundreds digit of 12627?
6
What is the hundreds digit of 349?
3
What is the hundreds digit of 281?
2
What is the units digit of 3697?
7
What is the hundreds digit of 584?
5
What is the tens digit of 745?
4
What is the tens digit of 881?
8
What is the hundreds digit of 536?
5
What is the thousands digit of 7628?
7
What is the tens digit of 102?
0
What is the thousands digit of 4168?
4
What is the hundreds digit of 190947?
9
What is the tens digit of 3125?
2
What is the tens digit of 25461?
6
What is the thousands digit of 4408?
4
What is the thousands digit of 4074?
4
What is the tens digit of 779?
7
What is the units digit of 6507?
7
What is the hundred thousands digit of 137373?
1
What is the ten thousands digit of 23923?
2
What is the thousands digit of 8243?
8
What is the units digit of 15565?
5
What is the units digit of 3913?
3
What is the hundreds digit of 49083?
0
What is the ten thousands digit of 32374?
3
What is the hundreds digit of 29412?
4
What is the tens digit of 37628?
2
What is the hundreds digit of 11511?
5
What is the thousands digit of 3328?
3
What is the tens digit of 50220?
2
What is the tens digit of 263?
6
What is the tens digit of 464?
6
What is the units digit of 6458?
8
What is the tens digit of 1286?
8
What is the units digit of 79?
9
What is the units digit of 66?
6
What is the ten thousands digit of 15398?
1
What is the thousands digit of 94797?
4
What is the tens digit of 2967?
6
What is the thousands digit of 7289?
7
What is the units digit of 3817?
7
What is the units digit of 138?
8
What is the hundred thousands digit of 146274?
1
What is the units digit of 2349?
9
What is the units digit of 165?
5
What is the units digit of 25101?
1
What is the hundreds digit of 80403?
4
What is the tens digit of 5615?
1
What is the units digit of 3928?
8
What is the ten thousands digit of 11636?
1
What is the tens digit of 3773?
7
What is the thousands digit of 1148?
1
What is the units digit of 40429?
9
What is the thousands digit of 21467?
1
What is the hundreds digit of 42386?
3
What is the hundreds digit of 449?
4
What is the units digit of 3658?
8
What is the tens digit of 16904?
0
What is the tens digit of 9433?
3
What is the thousands digit of 133430?
3
What is the hundreds digit of 3943?
9
What is the tens digit of 1695?
9
What is the units digit of 800?
0
What is the tens digit of 1860?
6
What is the thousands digit of 34445?
4
What is the units digit of 127806?
6
What is the units digit of 168?
8
What is the thousands digit of 3203?
3
What is the tens digit of 1803?
0
What is the thousands digit of 87154?
7
What is the hundreds digit of 61801?
8
What is the thousands digit of 9459?
9
What is the units digit of 1759?
9
What is the ten thousands digit of 12283?
1
What is the units digit of 5185?
5
What is the tens digit of 1798?
9
What is the tens digit of 66076?
7
What is the tens digit of 124?
2
What is the thousands digit of 4727?
4
What is the tens digit of 26105?
0
What is the units digit of 1297?
7
What is the tens digit of 1131?
3
What is the ten thousands digit of 17292?
1
What is the thousands digit of 18139?
8
What is the tens digit of 146?
4
What is the thousands digit of 3247?
3
What is the hundreds digit of 19116?
1
What is the ten thousands digit of 32451?
3
What is the hundreds digit of 9945?
9
What is the units digit of 9985?
5
What is the hundred thousands digit of 168326?
1
What is the tens digit of 94317?
1
What is the hundreds digit of 159914?
9
What is the thousands digit of 1825?
1
What is the units digit of 24835?
5
What is the thousands digit of 5101?
5
What is the ten thousands digit of 46905?
4
What is the tens digit of 25733?
3
What is the tens digit of 13295?
9
What is the tens digit of 113?
1
What is the thousands digit of 5763?
5
What is the hundreds digit of 7609?
6
What is the tens digit of 947?
4
What is the tens digit of 3481?
8
What is the ten thousands digit of 98271?
9
What is the thousands digit of 1458?
1
What is the hundreds digit of 62096?
0
What is the tens digit of 26401?
0
What is the thousands digit of 3396?
3
What is the hundred thousands digit of 176891?
1
What is the units digit of 87085?
5
What is the hundreds digit of 16156?
1
What is the units digit of 1801?
1
What is the tens digit of 946?
4
What is the units digit of 121922?
2
What is the units digit of 404?
4
What is the hundreds digit of 60832?
8
What is the hundreds digit of 14488?
4
What is the hundreds digit of 492?
4
What is the ten thousands digit of 63431?
6
What is the units digit of 4433?
3
What is the thousands digit of 1132?
1
What is the units digit of 4888?
8
What is the thousands digit of 5464?
5
What is the tens digit of 1967?
6
What is the tens digit of 54219?
1
What is the hundreds digit of 40069?
0
What is the hundreds digit of 16126?
1
What is the thousands digit of 2054?
2
What is the units digit of 18021?
1
What is the hundreds digit of 1647?
6
What is the tens digit of 22094?
9
What is the tens digit of 42780?
8
What is the hundreds digit of 15073?
0
What is the tens digit of 18692?
9
What is the units digit of 8917?
7
What is the tens digit of 1453?
5
What is the tens digit of 5914?
1
What is the thousands digit of 1937?
1
What is the ten thousands digit of 88094?
8
What is the hundreds digit of 48924?
9
What is the thousands digit of 20955?
0
What is the ten thousands digit of 35351?
3
What is the thousands digit of 1765?
1
What is the ten thousands digit of 33767?
3
What is the ten thousands digit of 11537?
1
What is the tens digit of 265?
6
What is the tens digit of 4426?
2
What is the hundreds digit of 363?
3
What is the units digit of 517?
7
What is the units digit of 43982?
2
What is the units digit of 17196?
6
What is the thousands digit of 116433?
6
What is the hundreds digit of 512?
5
What is the tens digit of 14611?
1
What is the tens digit of 7772?
7
What is the ten thousands digit of 60721?
6
What is the thousands digit of 8852?
8
What is the tens digit of 17171?
7
What is the hundreds digit of 3324?
3
What is the tens digit of 7022?
2
What is the thousands digit of 7763?
7
What is the units digit of 48427?
7
What is the ten thousands digit of 15127?
1
What is the thousands digit of 8759?
8
What is the units digit of 23747?
7
What is the hundreds digit of 3943?
9
What is the thousands digit of 10837?
0
What is the hundreds digit of 88980?
9
What is the units digit of 5313?
3
What is the tens digit of 956?
5
What is the units digit of 59505?
5
What is the hundreds digit of 15589?
5
What is the units digit of 12898?
8
What is the thousands digit of 7573?
7
What is the units digit of 470?
0
What is the units digit of 12733?
3
What is the thousands digit of 51718?
1
What is the thousands digit of 4379?
4
What is the tens digit of 35104?
0
What is the units digit of 7251?
1
What is the tens digit of 2240?
4
What is the tens digit of 1630?
3
What is the thousands digit of 1303?
1
What is the units digit of 28?
8
What is the units digit of 134221?
1
What is the tens digit of 33630?
3
What is the thousands digit of 42328?
2
What is the thousands digit of 7804?
7
What is the tens digit of 9962?
6
What is the tens digit of 1164?
6
What is the thousands digit of 2512?
2
What is the ten thousands digit of 48356?
4
What is the hundreds digit of 2270?
2
What is the units digit of 4014?
4
What is the tens dig